{"id":17,"date":"2021-03-06T11:34:37","date_gmt":"2021-03-06T10:34:37","guid":{"rendered":"http:\/\/cisteniehrobovsaris.sk\/?page_id=17"},"modified":"2025-04-14T10:38:03","modified_gmt":"2025-04-14T08:38:03","slug":"cennik","status":"publish","type":"page","link":"https:\/\/cisteniehrobovsaris.sk\/index.php\/cennik\/","title":{"rendered":"Cenn\u00edk."},"content":{"rendered":"\n<figure class=\"wp-block-table alignwide\"><table><tbody><tr><td> \u010cistenie Jeden hrob<\/td><td class=\"has-text-align-center\" data-align=\"center\">80\u20ac<\/td><td class=\"has-text-align-center\" data-align=\"center\"> Dosekanie  *11.11.2025<\/td><td class=\"has-text-align-center\" data-align=\"center\">120\u20ac<\/td><td class=\"has-text-align-center\" data-align=\"center\"><\/td><\/tr><tr><td>\u010cistenie Dvoj hrob<\/td><td class=\"has-text-align-center\" data-align=\"center\">120\u20ac<\/td><td class=\"has-text-align-center\" data-align=\"center\">Dosekanie nad 10 znakov za 1 znak<\/td><td class=\"has-text-align-center\" data-align=\"center\"> 10\u20ac<\/td><td class=\"has-text-align-center\" data-align=\"center\"><\/td><\/tr><tr><td>\u010cistenie Troj hrob<\/td><td class=\"has-text-align-center\" data-align=\"center\">160\u20ac<\/td><td class=\"has-text-align-center\" data-align=\"center\"><\/td><td class=\"has-text-align-center\" data-align=\"center\"><\/td><td class=\"has-text-align-center\" data-align=\"center\"><\/td><\/tr><tr><td>Ma\u013eba pisma 1 znak<\/td><td class=\"has-text-align-center\" data-align=\"center\">1,5\u20ac<\/td><td class=\"has-text-align-center\" data-align=\"center\"><\/td><td class=\"has-text-align-center\" data-align=\"center\"><\/td><td class=\"has-text-align-center\" data-align=\"center\"><\/td><\/tr><tr><td>Dosekanie  rok<\/td><td class=\"has-text-align-center\" data-align=\"center\">100\u20ac<\/td><td class=\"has-text-align-center\" data-align=\"center\"><\/td><td class=\"has-text-align-center\" data-align=\"center\"><\/td><td class=\"has-text-align-center\" data-align=\"center\"><\/td><\/tr><\/tbody><\/table><\/figure>\n\n\n\n<p><\/p>\n\n\n\n<hr class=\"wp-block-separator\"\/>\n\n\n\n<div class=\"wp-block-group alignfull has-background\" style=\"background-color:#f5f5f5\"><div class=\"wp-block-group__inner-container is-layout-flow wp-block-group-is-layout-flow\">\n<div class=\"wp-block-columns is-layout-flex wp-container-core-columns-is-layout-9d6595d7 wp-block-columns-is-layout-flex\">\n<div class=\"wp-block-column is-layout-flow wp-block-column-is-layout-flow\">\n<h4 class=\"wp-block-heading\">O n\u00e1s<\/h4>\n\n\n\n<p>Poskytujeme kompletn\u00e9 slu\u017eby \u010distenia hrobov, dosek\u00e1vania p\u00edsma, ma\u013eba p\u00edsma, rekon\u0161trukciu hrobov, v\u00fdstavbu pomn\u00edkov predaj a mont\u00e1\u017e v\u0161etk\u00fdch hrobov\u00fdch doplnkov. Dlhoro\u010dn\u00e9 sk\u00fasenosti v technickom odbore, zaru\u010duje vysok\u00fa kvalitu pr\u00e1c. Pou\u017e\u00edvame preva\u017ene materi\u00e1ly od nemeck\u00fdch v\u00fdrobcov.<\/p>\n\n\n\n<div style=\"height:1px\" aria-hidden=\"true\" class=\"wp-block-spacer\"><\/div>\n\n\n\n<p><a href=\"http:\/\/cisteniehrobovsaris.sk\/index.php\/sluzby\/\">Viac o slu\u017eb\u00e1ch<\/a><\/p>\n<\/div>\n\n\n\n<div class=\"wp-block-column is-layout-flow wp-block-column-is-layout-flow\">\n<h4 class=\"wp-block-heading\">Kontakt<\/h4>\n\n\n\n<p>J\u00e1n Jech                                   Doliny  1454\/24\/A<br>Ve\u013ek\u00fd \u0160ari\u0161, 08221<br>cisteniehrobovj.j.s@gmail.com<br>0902 509 700<\/p>\n\n\n\n<p><a href=\"http:\/\/cisteniehrobovsaris.sk\/index.php\/kontakt\/\">Kontakt<\/a><\/p>\n<\/div>\n<\/div>\n\n\n\n<p><\/p>\n<\/div><\/div>\n","protected":false},"excerpt":{"rendered":"<p>\u010cistenie Jeden hrob 80\u20ac Dosekanie *11.11.2025 120\u20ac \u010cistenie Dvoj hrob 120\u20ac Dosekanie nad 10 znakov za 1 znak 10\u20ac \u010cistenie Troj hrob 160\u20ac Ma\u013eba pisma 1 znak 1,5\u20ac Dosekanie rok 100\u20ac<\/p>\n","protected":false},"author":1,"featured_media":0,"parent":0,"menu_order":0,"comment_status":"closed","ping_status":"closed","template":"","meta":{"_monsterinsights_skip_tracking":false,"_monsterinsights_sitenote_active":false,"_monsterinsights_sitenote_note":"","_monsterinsights_sitenote_category":0,"footnotes":""},"class_list":["post-17","page","type-page","status-publish","hentry","entry"],"yoast_head":"<!-- This site is optimized with the Yoast SEO plugin v15.9.1 - https:\/\/yoast.com\/wordpress\/plugins\/seo\/ -->\n<title>Cenn\u00edk. - \u010cistenie a \u00fadr\u017eba hrobov<\/title>\n<link rel=\"canonical\" href=\"https:\/\/cisteniehrobovsaris.sk\/index.php\/cennik\/\" \/>\n<meta property=\"og:locale\" content=\"sk_SK\" \/>\n<meta property=\"og:type\" content=\"article\" \/>\n<meta property=\"og:title\" content=\"Cenn\u00edk. - \u010cistenie a \u00fadr\u017eba hrobov\" \/>\n<meta property=\"og:description\" content=\"\u010cistenie Jeden hrob 80\u20ac Dosekanie *11.11.2025 120\u20ac \u010cistenie Dvoj hrob 120\u20ac Dosekanie nad 10 znakov za 1 znak 10\u20ac \u010cistenie Troj hrob 160\u20ac Ma\u013eba pisma 1 znak 1,5\u20ac Dosekanie rok 100\u20ac\" \/>\n<meta property=\"og:url\" content=\"https:\/\/cisteniehrobovsaris.sk\/index.php\/cennik\/\" \/>\n<meta property=\"og:site_name\" content=\"\u010cistenie a \u00fadr\u017eba hrobov\" \/>\n<meta property=\"article:modified_time\" content=\"2025-04-14T08:38:03+00:00\" \/>\n<meta name=\"twitter:card\" content=\"summary_large_image\" \/>\n<meta name=\"twitter:label1\" content=\"Predpokladan\u00fd \u010das \u010d\u00edtania\">\n\t<meta name=\"twitter:data1\" content=\"1 min\u00fata\">\n<script type=\"application\/ld+json\" class=\"yoast-schema-graph\">{\"@context\":\"https:\/\/schema.org\",\"@graph\":[{\"@type\":\"WebSite\",\"@id\":\"https:\/\/cisteniehrobovsaris.sk\/#website\",\"url\":\"https:\/\/cisteniehrobovsaris.sk\/\",\"name\":\"\\u010cistenie hrobov\",\"description\":\"\\u010cistenie hrobov J.J.\\u0160\",\"potentialAction\":[{\"@type\":\"SearchAction\",\"target\":\"https:\/\/cisteniehrobovsaris.sk\/?s={search_term_string}\",\"query-input\":\"required name=search_term_string\"}],\"inLanguage\":\"sk-SK\"},{\"@type\":\"WebPage\",\"@id\":\"https:\/\/cisteniehrobovsaris.sk\/index.php\/cennik\/#webpage\",\"url\":\"https:\/\/cisteniehrobovsaris.sk\/index.php\/cennik\/\",\"name\":\"Cenn\\u00edk. - \\u010cistenie a \\u00fadr\\u017eba hrobov\",\"isPartOf\":{\"@id\":\"https:\/\/cisteniehrobovsaris.sk\/#website\"},\"datePublished\":\"2021-03-06T10:34:37+00:00\",\"dateModified\":\"2025-04-14T08:38:03+00:00\",\"breadcrumb\":{\"@id\":\"https:\/\/cisteniehrobovsaris.sk\/index.php\/cennik\/#breadcrumb\"},\"inLanguage\":\"sk-SK\",\"potentialAction\":[{\"@type\":\"ReadAction\",\"target\":[\"https:\/\/cisteniehrobovsaris.sk\/index.php\/cennik\/\"]}]},{\"@type\":\"BreadcrumbList\",\"@id\":\"https:\/\/cisteniehrobovsaris.sk\/index.php\/cennik\/#breadcrumb\",\"itemListElement\":[{\"@type\":\"ListItem\",\"position\":1,\"item\":{\"@type\":\"WebPage\",\"@id\":\"https:\/\/cisteniehrobovsaris.sk\/\",\"url\":\"https:\/\/cisteniehrobovsaris.sk\/\",\"name\":\"Home\"}},{\"@type\":\"ListItem\",\"position\":2,\"item\":{\"@type\":\"WebPage\",\"@id\":\"https:\/\/cisteniehrobovsaris.sk\/index.php\/cennik\/\",\"url\":\"https:\/\/cisteniehrobovsaris.sk\/index.php\/cennik\/\",\"name\":\"Cenn\\u00edk.\"}}]}]}<\/script>\n<!-- \/ Yoast SEO plugin. -->","_links":{"self":[{"href":"https:\/\/cisteniehrobovsaris.sk\/index.php\/wp-json\/wp\/v2\/pages\/17","targetHints":{"allow":["GET"]}}],"collection":[{"href":"https:\/\/cisteniehrobovsaris.sk\/index.php\/wp-json\/wp\/v2\/pages"}],"about":[{"href":"https:\/\/cisteniehrobovsaris.sk\/index.php\/wp-json\/wp\/v2\/types\/page"}],"author":[{"embeddable":true,"href":"https:\/\/cisteniehrobovsaris.sk\/index.php\/wp-json\/wp\/v2\/users\/1"}],"replies":[{"embeddable":true,"href":"https:\/\/cisteniehrobovsaris.sk\/index.php\/wp-json\/wp\/v2\/comments?post=17"}],"version-history":[{"count":5,"href":"https:\/\/cisteniehrobovsaris.sk\/index.php\/wp-json\/wp\/v2\/pages\/17\/revisions"}],"predecessor-version":[{"id":354,"href":"https:\/\/cisteniehrobovsaris.sk\/index.php\/wp-json\/wp\/v2\/pages\/17\/revisions\/354"}],"wp:attachment":[{"href":"https:\/\/cisteniehrobovsaris.sk\/index.php\/wp-json\/wp\/v2\/media?parent=17"}],"curies":[{"name":"wp","href":"https:\/\/api.w.org\/{rel}","templated":true}]}}